{"id":1087,"date":"2025-04-30T08:16:11","date_gmt":"2025-04-30T08:16:11","guid":{"rendered":"https:\/\/wicklowwebsite.multi.phpstg.com\/terms-of-service\/"},"modified":"2025-06-11T10:17:05","modified_gmt":"2025-06-11T10:17:05","slug":"terms-of-service","status":"publish","type":"page","link":"https:\/\/screenwicklow.ie\/ga\/terms-of-service\/","title":{"rendered":"Terms of Service"},"content":{"rendered":"<div class=\"base-section\"><div class=\"container\">\n<h2 class=\"wp-block-heading\">Polasa\u00ed Fian\u00e1n<\/h2>\n<\/div><\/div>\n\n<div class=\"base-section\"><div class=\"container\">\n<h3 class=\"wp-block-heading\">C\u00e9ard is fian\u00e1in ann?\u00a0<\/h3>\n<\/div><\/div>\n\n<div class=\"base-section\"><div class=\"container\">\n<p>Is comhad beag t\u00e9acs \u00e9 fian\u00e1n a iarrann cead chun bheith curtha ar thiom\u00e1nt\u00e1n crua do r\u00edomhaire nuair a thugann t\u00fa cuairt ar shu\u00edmh ghr\u00e9as\u00e1in \u00e1irithe. T\u00e1 <strong>ainm<\/strong> ag fian\u00e1n agus st\u00f3r\u00e1lann s\u00e9 <strong>luach<\/strong>. Mar shampla, ceann de na fian\u00e1in a \u00fas\u00e1idimid n\u00e1 &#8220;referrerType&#8221; agus st\u00f3r\u00e1lann s\u00e9 an leathanach a raibh t\u00fa air nuair a chlice\u00e1il t\u00fa nasc chun cuairt a thabhairt ar \u00e1r su\u00edomh gr\u00e9as\u00e1in \u2013 cabhra\u00edonn s\u00e9 linn feice\u00e1il c\u00e1 as a dtagann \u00e1r gcuairteoir\u00ed. Le fian\u00e1in, ceada\u00edtear d\u2019fheidhmchl\u00e1ir ghr\u00e9as\u00e1in freagairt duit mar dhuine aonair. Is f\u00e9idir leis an bhfeidhmchl\u00e1r gr\u00e9as\u00e1in a chuid oibr\u00edochta\u00ed a oiri\u00fan\u00fa do do riachtanais, don mh\u00e9id is maith leat agus don mh\u00e9id nach mian leat tr\u00ed eolas a bhaili\u00fa agus a chuimhneamh faoi do chuid roghanna. N\u00ed f\u00e9idir le fian\u00e1in dochar a dh\u00e9anamh do do r\u00edomhaire: is iad ceann de na teicneola\u00edochta\u00ed gr\u00e9as\u00e1in is simpl\u00ed (agus is sine) iad, a \u00fas\u00e1ideann milli\u00fain su\u00edomh gr\u00e9as\u00e1in. <strong>N\u00ed<\/strong> st\u00f3r\u00e1lann fian\u00e1in a \u00fas\u00e1idtear ar an su\u00edomh gr\u00e9as\u00e1in seo aon fhaisn\u00e9is phearsanta inaitheanta (cos\u00fail le d&#8217;ainm).<\/p>\n<\/div><\/div>\n\n<div class=\"base-section\"><div class=\"container\">\n<h3 class=\"wp-block-heading\">\u00c9ag fian\u00e1n<\/h3>\n<\/div><\/div>\n\n<div class=\"base-section\"><div class=\"container\">\n<p>Bainfear fian\u00e1in go huathoibr\u00edoch \u00f3 do r\u00edomhaire nuair a shroicheann siad a &#8216;d\u00e1ta \u00e9aga&#8217;. Nuair a shocra\u00edtear fian\u00e1n, tugtar d\u00e1ta \u00e9aga d\u00f3 \u2013 seo \u00e9 an d\u00e1ta a bhainfidh do bhrabhs\u00e1la\u00ed go huathoibr\u00edoch \u00f3 do r\u00edomhaire \u00e9.<\/p>\n<\/div><\/div>\n\n<div class=\"base-section\"><div class=\"container\">\n<p>Nuair a th\u00e9ann t\u00fa go su\u00edomh gr\u00e9as\u00e1in ar\u00eds, is f\u00e9idir an d\u00e1ta \u00e9aga a nuashonr\u00fa chun an fian\u00e1n a choinne\u00e1il.<\/p>\n<\/div><\/div>\n\n<div class=\"base-section\"><div class=\"container\">\n<p>Is f\u00e9idir fian\u00e1in a shocr\u00fa freisin le baint nuair a chuireann t\u00fa deireadh le do &#8216;sheisi\u00fan&#8217; ar shu\u00edomh gr\u00e9as\u00e1in tr\u00edd an su\u00edomh gr\u00e9as\u00e1in a fh\u00e1g\u00e1il. Le roinnt brabhs\u00e1laithe, bainfear na fian\u00e1in seo nuair a atos\u00f3idh t\u00fa do bhrabhs\u00e1la\u00ed (\u00e9 a dh\u00fanadh agus a oscailt ar\u00eds) n\u00f3 an ch\u00e9ad uair eile a atos\u00f3idh t\u00fa do r\u00edomhaire.<\/p>\n<\/div><\/div>\n\n<div class=\"base-section\"><div class=\"container\">\n<p>Is f\u00e9idir leat aon fhian\u00e1in at\u00e1 ann cheana a scriosadh de l\u00e1imh at\u00e1 st\u00f3r\u00e1ilte ar do r\u00edomhaire \u2013 f\u00e9ach an doicim\u00e9adacht chabhrach do do rogha brabhs\u00e1la\u00ed chun tuilleadh faisn\u00e9ise a fh\u00e1il maidir le fian\u00e1in a scriosadh, a chumas\u00fa agus a dh\u00edchumas\u00fa.<\/p>\n<\/div><\/div>\n\n<div class=\"base-section\"><div class=\"container\">\n<h3 class=\"wp-block-heading\">Mar a \u00fas\u00e1idimid fian\u00e1in\u00a0<\/h3>\n<\/div><\/div>\n\n<div class=\"base-section\"><div class=\"container\">\n<p>D\u00e9anann F\u00eds Chill Mhant\u00e1in fian\u00e1in a \u00fas\u00e1id chun cuimhneamh ar an uair ar thug t\u00fa cuairt ar \u00e1r su\u00edomh roimhe seo agus chun faisn\u00e9is anail\u00edseach a bhaili\u00fa ar mar a \u00fas\u00e1ideann t\u00fa \u00e1r su\u00edomh gr\u00e9as\u00e1in \u2013 mar shampla c\u00e9 na leathanaigh a dtugann t\u00fa cuairt orthu. \u00das\u00e1idimid an fhaisn\u00e9is seo chun cabhr\u00fa linn foghlaim faoin\u00e1r n-\u00fas\u00e1ideoir\u00ed agus \u00e1r su\u00edomh gr\u00e9as\u00e1in agus \u00e1r seirbh\u00eds\u00ed a fheabhs\u00fa.<\/p>\n<\/div><\/div>\n\n<div class=\"base-section\"><div class=\"container\">\n<p>Is f\u00e9idir leat rogha a dh\u00e9anamh fian\u00e1in a ghlacadh n\u00f3 a dhi\u00falt\u00fa. Glacann formh\u00f3r na mbrabhs\u00e1laithe gr\u00e9as\u00e1in le fian\u00e1in go huathoibr\u00edoch, ach is f\u00e9idir leat socr\u00fa do bhrabhs\u00e1la\u00ed a mhodhn\u00fa de ghn\u00e1th chun fian\u00e1in a dhi\u00falt\u00fa m\u00e1s fearr leat. D&#8217;fh\u00e9adfadh s\u00e9 nach mbeadh t\u00fa in ann l\u00e1nleas a bhaint as an su\u00edomh gr\u00e9as\u00e1in d\u00e1 thoradh sin.<\/p>\n<\/div><\/div>\n\n<div class=\"base-section\"><div class=\"container\">\n<p>Is f\u00e9idir leat freisin aon fhian\u00e1in a bhaint \u00f3 do bhrabhs\u00e1la\u00ed a socra\u00edodh tr\u00ed na su\u00edmh ghr\u00e9as\u00e1in a dtugann t\u00fa cuairt orthu \u2013 f\u00e9ach an doicim\u00e9adacht chabhrach do do rogha brabhs\u00e1la\u00ed.<\/p>\n<\/div><\/div>\n\n<div class=\"base-section\"><div class=\"container\">\n<h3 class=\"wp-block-heading\">Fian\u00e1in tr\u00ed\u00fa p\u00e1irt\u00ed\u00a0<\/h3>\n<\/div><\/div>\n\n<div class=\"base-section\"><div class=\"container\">\n<p>Chomh maith len\u00e1r bhfian\u00e1in f\u00e9in, oibr\u00edmid le seirbh\u00eds\u00ed tr\u00ed\u00fa p\u00e1irt\u00ed a roghna\u00edodh go c\u00faramach a d&#8217;fh\u00e9adfadh fian\u00e1in a shocr\u00fa freisin nuair a thugann t\u00fa cuairt ar \u00e1r su\u00edomh gr\u00e9as\u00e1in \u2013 mar shampla Google Analytics.<\/p>\n<\/div><\/div>\n\n<div class=\"base-section\"><div class=\"container\">\n<p>Clo\u00edonn gach fian\u00e1n tr\u00ed\u00fa p\u00e1irt\u00ed leis an gcaighde\u00e1n c\u00e9anna len\u00e1r gcinn f\u00e9in \u2013 go t\u00e1bhachtach, n\u00ed st\u00f3r\u00e1ltar aon fhaisn\u00e9is phearsanta inaitheanta i bhfian\u00e1in a shocra\u00edonn tr\u00ed\u00fa p\u00e1irtithe.<\/p>\n<\/div><\/div>\n\n<div class=\"base-section\"><div class=\"container\">\n<h3 class=\"wp-block-heading\">Tr\u00ed\u00fa p\u00e1irtithe a n-oibr\u00edmid leo\u00a0<\/h3>\n<\/div><\/div>\n\n<div class=\"base-section\"><div class=\"container\">\n<p><em>Google Analytics \u2013<\/em> \u00das\u00e1idimid Google Analytics chun cabhr\u00fa linn a fheice\u00e1il mar a \u00fas\u00e1ideann cuairteoir\u00ed \u00e1r su\u00edomh gr\u00e9as\u00e1in \u2013 mar shampla, c\u00e9 na leathanaigh a bhf\u00e9achann siad orthu agus c\u00e9 chomh fada a chaitheann siad ar \u00e1r su\u00edomh gr\u00e9as\u00e1in. N\u00ed st\u00f3r\u00e1ltar aon fhaisn\u00e9is phearsanta inaitheanta agus n\u00ed lorga\u00edtear aon fhaisn\u00e9is den chine\u00e1l sin \u2013 t\u00e1 s\u00e9 go hioml\u00e1n anaithnid.<\/p>\n<\/div><\/div>\n\n<div class=\"base-section\"><div class=\"container\">\n<h3 class=\"wp-block-heading\">Seirbh\u00eds\u00ed breise\u00a0<\/h3>\n<\/div><\/div>\n\n<div class=\"base-section\"><div class=\"container\">\n<p>C\u00e9 nach n-\u00fas\u00e1ideann s\u00e9 fian\u00e1in, \u00fas\u00e1idimid uirlis tr\u00ed\u00fa p\u00e1irt\u00ed a fh\u00e9achann ar sheolta\u00ed IP inrochtana go poibl\u00ed chun tuairim n\u00edos fearr a thabhairt d\u00fainn faoi na heagra\u00edochta\u00ed at\u00e1 ag brabhs\u00e1il ar shu\u00edomh gr\u00e9as\u00e1in s\u2019againne. N\u00ed fhaighimid rochtain ar aon fhaisn\u00e9is phearsanta f\u00fat agus n\u00ed st\u00f3r\u00e1l\u00e1imid aon fhaisn\u00e9ise den chine\u00e1l sin.<\/p>\n<\/div><\/div>","protected":false},"excerpt":{"rendered":"<p>Polasa\u00ed Fian\u00e1n C\u00e9ard is fian\u00e1in ann?\u00a0 Is comhad beag t\u00e9acs \u00e9 fian\u00e1n a iarrann cead chun bheith curtha ar thiom\u00e1nt\u00e1n crua do r\u00edomhaire nuair a thugann t\u00fa cuairt ar shu\u00edmh ghr\u00e9as\u00e1in \u00e1irithe. T\u00e1 ainm ag fian\u00e1n agus st\u00f3r\u00e1lann s\u00e9 luach. Mar shampla, ceann de na fian\u00e1in a \u00fas\u00e1idimid n\u00e1 &#8220;referrerType&#8221; agus st\u00f3r\u00e1lann s\u00e9 an leathanach [&hellip;]<\/p>\n","protected":false},"author":1,"featured_media":0,"parent":0,"menu_order":0,"comment_status":"closed","ping_status":"closed","template":"","meta":{"_acf_changed":false,"inline_featured_image":false,"footnotes":""},"class_list":["post-1087","page","type-page","status-publish","hentry"],"acf":[],"_links":{"self":[{"href":"https:\/\/screenwicklow.ie\/ga\/wp-json\/wp\/v2\/pages\/1087","targetHints":{"allow":["GET"]}}],"collection":[{"href":"https:\/\/screenwicklow.ie\/ga\/wp-json\/wp\/v2\/pages"}],"about":[{"href":"https:\/\/screenwicklow.ie\/ga\/wp-json\/wp\/v2\/types\/page"}],"author":[{"embeddable":true,"href":"https:\/\/screenwicklow.ie\/ga\/wp-json\/wp\/v2\/users\/1"}],"replies":[{"embeddable":true,"href":"https:\/\/screenwicklow.ie\/ga\/wp-json\/wp\/v2\/comments?post=1087"}],"version-history":[{"count":4,"href":"https:\/\/screenwicklow.ie\/ga\/wp-json\/wp\/v2\/pages\/1087\/revisions"}],"predecessor-version":[{"id":1443,"href":"https:\/\/screenwicklow.ie\/ga\/wp-json\/wp\/v2\/pages\/1087\/revisions\/1443"}],"wp:attachment":[{"href":"https:\/\/screenwicklow.ie\/ga\/wp-json\/wp\/v2\/media?parent=1087"}],"curies":[{"name":"wp","href":"https:\/\/api.w.org\/{rel}","templated":true}]}}

<div class="base-section"><div class="container">
<h2 class="wp-block-heading">Polasaí Fianán</h2>
</div></div>

<div class="base-section"><div class="container">
<h3 class="wp-block-heading">Céard is fianáin ann? </h3>
</div></div>

<div class="base-section"><div class="container">
<p>Is comhad beag téacs é fianán a iarrann cead chun bheith curtha ar thiomántán crua do ríomhaire nuair a thugann tú cuairt ar shuímh ghréasáin áirithe. Tá <strong>ainm</strong> ag fianán agus stórálann sé <strong>luach</strong>. Mar shampla, ceann de na fianáin a úsáidimid ná &#8220;referrerType&#8221; agus stórálann sé an leathanach a raibh tú air nuair a chliceáil tú nasc chun cuairt a thabhairt ar ár suíomh gréasáin – cabhraíonn sé linn feiceáil cá as a dtagann ár gcuairteoirí. Le fianáin, ceadaítear d’fheidhmchláir ghréasáin freagairt duit mar dhuine aonair. Is féidir leis an bhfeidhmchlár gréasáin a chuid oibríochtaí a oiriúnú do do riachtanais, don mhéid is maith leat agus don mhéid nach mian leat trí eolas a bhailiú agus a chuimhneamh faoi do chuid roghanna. Ní féidir le fianáin dochar a dhéanamh do do ríomhaire: is iad ceann de na teicneolaíochtaí gréasáin is simplí (agus is sine) iad, a úsáideann milliúin suíomh gréasáin. <strong>Ní</strong> stórálann fianáin a úsáidtear ar an suíomh gréasáin seo aon fhaisnéis phearsanta inaitheanta (cosúil le d&#8217;ainm).</p>
</div></div>

<div class="base-section"><div class="container">
<h3 class="wp-block-heading">Éag fianán</h3>
</div></div>

<div class="base-section"><div class="container">
<p>Bainfear fianáin go huathoibríoch ó do ríomhaire nuair a shroicheann siad a &#8216;dáta éaga&#8217;. Nuair a shocraítear fianán, tugtar dáta éaga dó – seo é an dáta a bhainfidh do bhrabhsálaí go huathoibríoch ó do ríomhaire é.</p>
</div></div>

<div class="base-section"><div class="container">
<p>Nuair a théann tú go suíomh gréasáin arís, is féidir an dáta éaga a nuashonrú chun an fianán a choinneáil.</p>
</div></div>

<div class="base-section"><div class="container">
<p>Is féidir fianáin a shocrú freisin le baint nuair a chuireann tú deireadh le do &#8216;sheisiún&#8217; ar shuíomh gréasáin tríd an suíomh gréasáin a fhágáil. Le roinnt brabhsálaithe, bainfear na fianáin seo nuair a atosóidh tú do bhrabhsálaí (é a dhúnadh agus a oscailt arís) nó an chéad uair eile a atosóidh tú do ríomhaire.</p>
</div></div>

<div class="base-section"><div class="container">
<p>Is féidir leat aon fhianáin atá ann cheana a scriosadh de láimh atá stóráilte ar do ríomhaire – féach an doiciméadacht chabhrach do do rogha brabhsálaí chun tuilleadh faisnéise a fháil maidir le fianáin a scriosadh, a chumasú agus a dhíchumasú.</p>
</div></div>

<div class="base-section"><div class="container">
<h3 class="wp-block-heading">Mar a úsáidimid fianáin </h3>
</div></div>

<div class="base-section"><div class="container">
<p>Déanann Fís Chill Mhantáin fianáin a úsáid chun cuimhneamh ar an uair ar thug tú cuairt ar ár suíomh roimhe seo agus chun faisnéis anailíseach a bhailiú ar mar a úsáideann tú ár suíomh gréasáin – mar shampla cé na leathanaigh a dtugann tú cuairt orthu. Úsáidimid an fhaisnéis seo chun cabhrú linn foghlaim faoinár n-úsáideoirí agus ár suíomh gréasáin agus ár seirbhísí a fheabhsú.</p>
</div></div>

<div class="base-section"><div class="container">
<p>Is féidir leat rogha a dhéanamh fianáin a ghlacadh nó a dhiúltú. Glacann formhór na mbrabhsálaithe gréasáin le fianáin go huathoibríoch, ach is féidir leat socrú do bhrabhsálaí a mhodhnú de ghnáth chun fianáin a dhiúltú más fearr leat. D&#8217;fhéadfadh sé nach mbeadh tú in ann lánleas a bhaint as an suíomh gréasáin dá thoradh sin.</p>
</div></div>

<div class="base-section"><div class="container">
<p>Is féidir leat freisin aon fhianáin a bhaint ó do bhrabhsálaí a socraíodh trí na suímh ghréasáin a dtugann tú cuairt orthu – féach an doiciméadacht chabhrach do do rogha brabhsálaí.</p>
</div></div>

<div class="base-section"><div class="container">
<h3 class="wp-block-heading">Fianáin tríú páirtí </h3>
</div></div>

<div class="base-section"><div class="container">
<p>Chomh maith lenár bhfianáin féin, oibrímid le seirbhísí tríú páirtí a roghnaíodh go cúramach a d&#8217;fhéadfadh fianáin a shocrú freisin nuair a thugann tú cuairt ar ár suíomh gréasáin – mar shampla Google Analytics.</p>
</div></div>

<div class="base-section"><div class="container">
<p>Cloíonn gach fianán tríú páirtí leis an gcaighdeán céanna lenár gcinn féin – go tábhachtach, ní stóráltar aon fhaisnéis phearsanta inaitheanta i bhfianáin a shocraíonn tríú páirtithe.</p>
</div></div>

<div class="base-section"><div class="container">
<h3 class="wp-block-heading">Tríú páirtithe a n-oibrímid leo </h3>
</div></div>

<div class="base-section"><div class="container">
<p><em>Google Analytics –</em> Úsáidimid Google Analytics chun cabhrú linn a fheiceáil mar a úsáideann cuairteoirí ár suíomh gréasáin – mar shampla, cé na leathanaigh a bhféachann siad orthu agus cé chomh fada a chaitheann siad ar ár suíomh gréasáin. Ní stóráltar aon fhaisnéis phearsanta inaitheanta agus ní lorgaítear aon fhaisnéis den chineál sin – tá sé go hiomlán anaithnid.</p>
</div></div>

<div class="base-section"><div class="container">
<h3 class="wp-block-heading">Seirbhísí breise </h3>
</div></div>

<div class="base-section"><div class="container">
<p>Cé nach n-úsáideann sé fianáin, úsáidimid uirlis tríú páirtí a fhéachann ar sheoltaí IP inrochtana go poiblí chun tuairim níos fearr a thabhairt dúinn faoi na heagraíochtaí atá ag brabhsáil ar shuíomh gréasáin s’againne. Ní fhaighimid rochtain ar aon fhaisnéis phearsanta fút agus ní stóráláimid aon fhaisnéise den chineál sin.</p>
</div></div>

<p>Polasaí Fianán Céard is fianáin ann?  Is comhad beag téacs é fianán a iarrann cead chun bheith curtha ar thiomántán crua do ríomhaire nuair a thugann tú cuairt ar shuímh ghréasáin áirithe. Tá ainm ag fianán agus stórálann sé luach. Mar shampla, ceann de na fianáin a úsáidimid ná &#8220;referrerType&#8221; agus stórálann sé an leathanach [&hellip;]</p>
